 is divided by r(f)?
12
Suppose -30 = -2*p - 5*k, 2*p - 16 = -4*k + 12. Calculate the remainder when p is divided by 8/((20/(-14) + 2)*28/8).
2
Suppose 9*i + 329 - 1265 = 0. What is the remainder when i is divided by 36?
32
Let x(t) = -1 - 4*t + 1 + 3 + 0. Suppose -2*h = -20*h + 198. Calculate the remainder when x(-4) is divided by h.
8
Suppose -2*u = w - 470, u - 348 = 5*w - 124. Calculate the remainder when u is divided by 59.
57
Let k = -288 - -421. Suppose k + 67 = 4*z. Suppose 3*y - z = 52. What is the remainder when y is divided by 12?
10
Suppose 3*v - 3*w - 12 = -4*w, -2*v + 3*w = -8. What is the remainder when 0 - (-3)/(6/62) is divided by 28/1*v/14?
7
Let n(p) = -p**2 - 10*p - 3. Let h(q) = 18*q + 3. What is the remainder when h(2) is divided by n(-4)?
18
Suppose -4*g - 5*q + 257 = -112, 0 = 2*g - 5*q - 147. What is the remainder when g is divided by 30?
26
Suppose -2*o + 5*o - 51 = 0. Suppose 2*n - 3*n = -o. Suppose -44*v = -43*v - 5. What is the remainder when n is divided by v?
2
Let g(t) = t**3 + 10*t**2 + 15*t + 7. Let n be g(-8). What is the remainder when 27 is divided by (-9)/(-6)*100/n?
7
Let q be (180/8)/(-15) - 18/(-4). Calculate the remainder when -9*(-3 - (6/q + 0)) is divided by 25.
20
Let l be ((-18)/(-12))/(6/(-56)). Let k = 23 + l. What is the remainder when 3 is divided by 1/(-4) - k/(-4)?
1
Suppose -196*z - 140 = -216*z. What is the remainder when 486 is divided by z?
3
Let p = 191 + -184. Calculate the remainder when 19 is divided by p.
5
Suppose 46 = 2*p + 10. Let z(o) = -2*o**2 - 9*o + 35. What is the remainder when z(0) is divided by p?
17
Suppose 206 = 5*l + 2*j, 5*j = 5*l - 0*l - 185. Suppose 0 = c - u + 2, c - 6*c - 5*u = 0. Calculate the remainder when l is divided by (-1)/(-3)*(2 + (-31)/c).
7
Let l be 4*(-6)/(-8)*1. Let m be 36 + 4 + (-2 - l). Let c = m + -10. Calculate the remainder when c is divided by 7.
4
Suppose 0*m - 241 = -5*f - 2*m, 4*f - 192 = -2*m. Calculate the remainder when f is divided by 15.
4
Suppose 32*d = 25254 - 486. Calculate the remainder when d is divided by 37.
34
Let t = 50 - 27. Let x(p) = -p**2 - 3*p + 6. Let c be x(-6). Let k(y) = -y - 4. What is the remainder when t is divided by k(c)?
7
Let v(m) = 46*m + 477. What is the remainder when v(-10) is divided by (2 - -4*1) + -2?
1
Suppose 0 = 130*f - 107*f - 36754. What is the remainder when f is divided by 160?
158
Let j = -1 + 115. Suppose 3*w - 3*r - j = 0, 3*w = 2*w - 3*r + 34. Suppose -32*n + 30*n + 26 = 0. Calculate the remainder when w is divided by n.
11
Suppose 390 = -11*y + 3525. Calculate the remainder when y is divided by 7.
5
Let c = -78 - -117. Let a = 362 - 352. Calculate the remainder when c is divided by a.
9
Suppose 0 = -18*m + 14 + 40. Calculate the remainder when 86 is divided by 0/1 + 14 - (m - 0).
9
Suppose -737*p + 758*p = 315. Suppose -3*b + 141 = -123. Calculate the remainder when b is divided by p.
13
Let j(p) = -2*p - 6. Let f be j(-9). Suppose -f*y + 14*y = 64. Calculate the remainder when y is divided by 7.
4
Suppose 0 = -0*q + 3*q - 33. Suppose -m + 0*m = -3*d - 12, -30 = -5*m + 5*d. Suppose -2*l + m*l = 64. What is the remainder when l is divided by q?
9
Let j = 115 + 832. What is the remainder when j is divided by 19?
16
Let r(o) = -o**2 + 10*o + 23. Suppose 0 = -0*n - 4*n - 2*t + 40, 4*n - 52 = 4*t. Calculate the remainder when r(n) is divided by 7.
5
Let b = 541 + -481. What is the remainder when 222 is divided by b?
42
Suppose 2*t - 20 = -o, -2*t + 8 = -4*o - o. Calculate the remainder when 14 is divided by t.
5
Suppose -16*f - 506 = -27*f. Let i(b) = -b**3 - 2*b**2 + 4*b - 7. Let p be i(-5). Suppose 0*m = -3*m + p. Calculate the remainder when f is divided by m.
14
What is the remainder when 85 is divided by (-640)/(-22) + (-6)/66?
27
Suppose 5*v - 50 + 15 = 0. Suppose 2*b = v*b. Calculate the remainder when -1*(-9)/1 + b is divided by 3.
0
Let r(u) = 7*u**2 - 4*u + 11. Let v(t) = 8*t**2 - 3*t + 10. Let k(j) = -7*r(j) + 6*v(j). Calculate the remainder when 27 is divided by k(6).
6
Let j = 76 + 89. Suppose -u + 21 = -21. What is the remainder when j is divided by u?
39
Suppose -3*v + 71 + 55 = 0. What is the remainder when 77 is divided by v?
35
Let r = 90 + -136. Let d = r + 65. Calculate the remainder when d is divided by 11.
8
Let j(f) = 5*f**2 - 3*f + 6. Let b = 1 - -2. Suppose 0 = 2*n - 37 + 7. Calculate the remainder when j(b) is divided by n.
12
Let s(d) = -21*d + 25. Suppose -b - x + 319 = 3*b, -5*x = -4*b + 349. What is the remainder when b is divided by s(0)?
6
Let m be (-15)/6*(-7 - -5). Let t(c) = -3*c**3 - c**2. Let h be t(-1). Suppose 0 = m*r - h*r - 9. What is the remainder when 7 is divided by r?
1
Suppose n - 81 = -c - c, 2*c + 5*n - 69 = 0. Calculate the remainder when 293 is divided by c.
41
Let o(j) = -j**3 - j**2 + j - 25. What is the remainder when o(-5) is divided by 25?
20
Let m = 1 - -1. Let v be m - 35*2 - 0. Calculate the remainder when 33 is divided by 1/(v/36 + 2).
6
Let o be 234/(35/10 + -2). Let l = -136 + o. What is the remainder when 75 is divided by l?
15
Let y = 46 - 37. Calculate the remainder when -2 + (41*-4)/(-2) is divided by y.
8
Let n(k) = k**3 + 18*k**2 + k + 20. Let s be n(-18). Suppose -s*p + 50 = -44. What is the remainder when p is divided by 0/(1*2) - -16?
15
Let y = -151 - -370. What is the remainder when y is divided by 69?
12
Suppose 0 = 5*a - 319 - 116. Let z be 9/3 - (6 + -7). Calculate the remainder when a is divided by (-1)/z - 484/(-16).
27
Suppose 4*d - 4*j = 24 + 40, -4*d = -2*j - 60. Let m = -178 + 184. Calculate the remainder when d is divided by m.
2
Suppose r - z + 151 = 3*r, 0 = -4*r + 3*z + 277. Let t(g) = 3*g**3 + g**2 - 6*g + 3. Calculate the remainder when r is divided by t(2).
16
Suppose -p - x + 4 = -4, 5*p + x - 56 = 0. Calculate the remainder when 81 is divided by 1/(4/p) - -39.
39
Let y(n) = 2*n**2 - 4*n + 3. Let u be y(8). Suppose 4*v = -16, 5*k + 0*v - 28800 = -5*v. What is the remainder when k/u - (-2)/(-9) is divided by 30?
28
Suppose -10*t - 9*t + 3363 = 0. What is the remainder when t is divided by 91?
86
Let r = 230 + -155. Suppose 6*h + 235 + 143 = 0. Let u = h - -89. What is the remainder when r is divided by u?
23
Let p(i) = 7*i**2 - i + 4. Let n be p(-2). Suppose 2*c + n = 4*w, 30 = 3*w - c - 2*c. Calculate the remainder when 11 is divided by w.
4
Let s = -61 - -65. Suppose s*l - 8 = 0, -3*z - 3*l = -2*z - 25. Suppose 2*a = 3*a - 5. What is the remainder when z is divided by a?
4
Let t(j) = -j**3 + 3*j**2 + 4*j - 6. Let s be t(3). Suppose 0 = s*y - 0*y - 48. Let l = 17 - -3. Calculate the remainder when l is divided by y.
4
Suppose 5*x = 551 + 389. Let d = x - 123. What is the remainder when d is divided by (2/3)/(6/198)?
21
Suppose 0 = -3*d + 14 + 28. Let x be ((-15)/6)/(2/4). Let y(k) = k**2 - 3*k. Calculate the remainder when y(x) is divided by d.
12
Let a = -778 + 813. Calculate the remainder when 150 is divided by a.
10
Let j = 197 + 139. Suppose 4*p = j - 104. Suppose -2*b - 2*b + 3*h + 126 = 0, 3*h = -6. Calculate the remainder when p is divided by b.
28
What is the remainder when 8 - 4 - 6/(-1) is divided by 2*(0 - 15/(-10))?
1
Suppose -j = 4*s - 109, -4*s + 2*j + 112 = 6*j. What is the remainder when 52 is divided by s?
25
Let m(d) = -d**2 - 14*d - 29. What is the remainder when 50 is divided by m(-11)?
2
Suppose 2*n = -z - z + 28, 0 = -3*z + 2*n + 42. Let q = z - 4. What is the remainder when q is divided by 3?
1
Let j(u) = u**2 - 2*u + 13. Let y(q) = -q**3 - q**2 + 5*q + 8. Let c be y(-3). What is the remainder when j(c) is divided by 38?
36
Let t(k) = -281*k + 6. Let q be t(1). Calculate the remainder when 71 is divided by 2/(-6) + (-3 - q/15).
11
Suppose v - 6 = 1. Suppose -93 = 4*b - 37. Let q = 34 + b. What is the remainder when q is divided by v?
6
Let m be ((-7)/(-2))/((-6)/(-36)). Suppose -t + 2 = -11. Calculate the remainder when m + 0 - (1 + -3) is divided by t.
10
Calculate the remainder when (-1002)/(-13) - (-36)/(-24)*(-4)/(-78) is divided by 164/6 - (-3)/(-9).
23
Calculate the remainder when (-981)/(-9) + -1 + -4 is divided by 15.
14
Let p be (4 + -1)/(3/(-2))*-32. Let u = p - 42. What is the remainder when 42 is divided by u?
20
Suppose -8 = -4*w - 4. What is the remainder when ((-16)/12)